f j(v)?
2, 5
Suppose 0 = -4*y + 14 - 2, -a + 49 = -2*y. What are the prime factors of a?
5, 11
Suppose 5 = 3*z - 1. Suppose 0 = -3*l - z*u + 89, 0*l + 2*u - 35 = -l. What are the prime factors of l?
3
Suppose 0 = -4*m + 15 + 49. List the prime factors of m.
2
Suppose -3*i - 12 = 0, 4*u - 3*u + 5*i - 1 = 0. Suppose u = -5*m + 1. Let z(j) = -2*j - 5. List the prime factors of z(m).
3
What are the prime factors of 6/12*(1 - -243)?
2, 61
Suppose 1029 = 26*y - 19*y. What are the prime factors of y?
3, 7
Suppose -2*j + 8 + 2 = 0. Suppose -24 = -j*z - 9. What are the prime factors of z?
3
Suppose -3*r - 3*n + 78 = 0, -3*r = -4*n - n - 38. What are the prime factors of (-1 + -8)/(r/(-70))?
2, 3, 5
Let y = -4 - -8. Let j = -1 + y. What are the prime factors of j?
3
Suppose l = -w - 3*w + 56, -4*l + 4*w + 324 = 0. List the prime factors of l.
2, 19
List the prime factors of (-7)/(-1)*4/(12/3).
7
Suppose f - 28 = 20. List the prime factors of f.
2, 3
Let h be 3/((-2)/((-2)/1)). Suppose -h*f = f - 8. List the prime factors of f.
2
Let l = 4 - -2. What are the prime factors of 1*(l/3 + 3)?
5
Let m = 0 + 4. Suppose m*l = -5*u - 8, -3*l = -3*u - 12 - 9. Suppose 3*n + 29 = 4*x, -l*n = 3*x - 24 - 24. What are the prime factors of x?
11
List the prime factors of 280/12*(-6)/(-4).
5, 7
Let f = -11 - -18. Let r = 18 - f. List the prime factors of r.
11
List the prime factors of 17/17*(-46)/(-2).
23
Let w(t) = t**3 - 2*t**2 - 2*t + 2. Let o be w(3). Suppose -o = -4*m + 59. List the prime factors of m.
2
Let r be (-6)/(-21) + (-393)/(-21). Let m = 35 - r. List the prime factors of m.
2
Suppose -3*y + 7*y = 0. Suppose y = -0*q + 2*q - 24. List the prime factors of q.
2, 3
Let s(c) = -2*c**3 + 15*c**2 + 7*c + 4. List the prime factors of s(7).
2, 3, 17
Let z(b) = 5*b**2 + 3*b - 1. List the prime factors of z(-4).
67
Let j be 2 + -2 + -1 + 6. Suppose 0 = j*f + 2*h, 0 = -2*f - h - 4*h. Suppose -2*p + 2*m + 30 = f, -5*p - 6*m + 4*m = -47. What are the prime factors of p?
11
List the prime factors of (-64 - (4 + -5))*-1.
3, 7
Suppose 6 = 2*w + 5*k, 5*w = 5*k + 8 - 28. Let q = 10 + w. Let d = q + -6. What are the prime factors of d?
2
Let v = 33 - -31. Let p = -40 + v. Suppose -4*w = -2*w - p. What are the prime factors of w?
2, 3
Suppose -6*i + i + 5 = 0. Let f be (5 - i)/(-2) - -2. Suppose f = 4*b - 8*b + 24. List the prime factors of b.
2, 3
Suppose 0*n + 58 = -n. Let a = 89 + n. List the prime factors of a.
31
Suppose 4*u = -4*j + 12 + 184, -2*u = -5*j + 245. What are the prime factors of j?
7
Let w(g) = -g**2 + 3*g + 2. Let f be w(3). Suppose 4 = -f*v + 14. Suppose -v*r + 31 + 29 = 0. What are the prime factors of r?
2, 3
Suppose -4*h - 16 = -h - 5*u, -2*h - 20 = -u. List the prime factors of (2 - h) + (-2 - -2).
2, 7
Suppose 3*g - 20 = g - r, 60 = 4*g - 3*r. Suppose 5*b - 48 = g. List the prime factors of b.
2, 3
Suppose -z - 6 = -4*z. Suppose z*r = 5*c + 5, 0 = 3*r - 5*c - 4 - 11. What are the prime factors of r?
2, 5
Let j(p) = p**2 + 4. Let w be j(0). Suppose 5 - 17 = w*s, -5*c = -4*s - 162. Suppose 3*u - c = -2*u. List the prime factors of u.
2, 3
Suppose -3*u - 82 = 2*u + 2*w, 0 = 2*u + 3*w + 35. List the prime factors of (-172)/u - (-6)/(-8).
2, 5
Let x = -16 + 15. Let m = 26 - x. What are the prime factors of m?
3
Let w = 9 - 9. Suppose x = -5*d - w*x + 120, d - x = 18. List the prime factors of d.
23
Suppose -3*c - 2*a + 91 = 3*a, 4*c = -2*a + 140. Suppose 2*s - c = -5*h, -3*h - 4*s + 22 = -3*s. List the prime factors of h.
7
Let l = 21 + -15. What are the prime factors of l?
2, 3
Let q(f) = -87*f**3 - 1. Let x be q(-1). Suppose -l - 4*o - 22 = 0, -5*l = -4*o - 0*o + x. What are the prime factors of (-194)/(-18) + (-4)/l?
11
Let y be (-4)/(-14) + (-47)/(-7). Suppose n + y = 2*n. List the prime factors of n.
7
Suppose 0*m = 3*m - 54. Suppose g + 2*g - m = 0. Let s = 8 - g. List the prime factors of s.
2
Let d be 612/(-63) + (-4)/14. Suppose s + 1 = -0. List the prime factors of -1 - (s + (d - -1)).
3
Let u be 1 + -3 + (2 - 6). List the prime factors of 4*2 - u/(-3).
2, 3
Let c = 0 + 8. Suppose -1 = -3*q + c. Suppose 2*x - 2*i = 2, i = -2 + q. List the prime factors of x.
2
Suppose -2*l - h - 1 = 0, -l - 4*h - 1 = -4. Let v be l/(3/69*-1). Suppose 0 = 2*w - v + 3. What are the prime factors of w?
2, 5
What are the prime factors of (-423)/(-3) - 8/2 - -3?
2, 5, 7
Let a(p) = -p**2 + 7*p + 2. Let u be (1 + -2)*(-9 - -2). Let r be a(u). Suppose 0 = -r*z + z + 13. What are the prime factors of z?
13
Let h = -6 - -22. Let u = -8 + h. What are the prime factors of 2/8 - (-62)/u?
2
Suppose -4*h - 42 = -14. List the prime factors of (-2 + 4)*(-2 - h).
2, 5
Suppose 0 = 5*t - 2*s - 2*s - 146, 30 = t - s. Suppose -c - 2 + 6 = 0. Suppose 2*v + t = c*v. What are the prime factors of v?
13
Let b be (-1)/(3/(-15)*-1). Let f = b + 7. Suppose 2*y = -f + 26. List the prime factors of y.
2, 3
Suppose -5*m - 9 = -69. List the prime factors of m.
2, 3
Let r be 6/((2 - 3)*2). List the prime factors of (-65 + r)/(2/(-1)).
2, 17
Let k = 11 + 58. Let z be (-6 - -3)/(-9)*k. Suppose -z = 3*o - 68. What are the prime factors of o?
3, 5
Let v be 8/((-4)/(-1*4)). Let a = 30 - v. List the prime factors of a.
2, 11
Let c(x) = 9*x**3 + 3*x - 3. Let y be c(2). Let t = -28 + y. Suppose 15 - t = -2*m. List the prime factors of m.
2
Let z = 5 - -17. List the prime factors of z.
2, 11
Let f = -17 + 85. Suppose -3*p + f = 3*z - 4*z, 2*p + 3*z = 49. Suppose p = 2*h + 3. List the prime factors of h.
2, 5
Let c(x) = -4*x + 3*x + 2*x. Let o be c(3). Suppose 16 = -o*i + 5*i. List the prime factors of i.
2
Let x = 0 - 9. Suppose 57 = -7*c + 4*c. Let r = x - c. What are the prime factors of r?
2, 5
Suppose 870 - 126 = 3*v. What are the prime factors of v?
2, 31
What are the prime factors of (-2)/3 - 0 - (-5104)/24?
2, 53
Let c be (-33)/(-7) - 12/(-42). Suppose c*t - 2 - 28 = 0. List the prime factors of t.
2, 3
Suppose 3*l - 5*i = 49, 5*l - 2*i - 45 = -i. Suppose -l = 2*v + 10. What are the prime factors of ((-10)/6)/(3/v)?
5
Suppose -b + 2*b + 3*t - 20 = 0, 4*b = 3*t + 5. Let x(j) be the second derivative of j**4/12 - j**3/3 - 3*j**2/2 - j. What are the prime factors of x(b)?
2, 3
Suppose 5*i - 2*o = -10, 0*o = -5*i - 4*o - 10. Let f = 4 + i. Suppose 10 = 5*j, -11 = -f*p + 3*j + 9. List the prime factors of p.
13
Let y be (0 - 1 - -1)/1. Suppose -3*w = 60 - y. Let g = -9 - w. What are the prime factors of g?
11
Let y(p) = 13*p - 11. Let x be y(5). Suppose -2*g + 50 = -4*d, 5*d + x = 2*g + 3*d. List the prime factors of g.
29
Let c = -27 - -34. What are the prime factors of c?
7
Let v = 58 + -31. What are the prime factors of v?
3
Suppose -2*k + 73 = -k. List the prime factors of k.
73
Let s(a) = a**3 - 3*a**2 + a + 3. Suppose 5*i = 11 + 4. What are the prime factors of s(i)?
2, 3
Let g(j) = -j**3 + 8*j**2 + 2*j + 5. What are the prime factors of g(5)?
2, 3, 5
Suppose 5*q = 5*u, q = -4*u - q. Suppose l - 5*o + 1 + 3 = u, 3*l - o = 16. What are the prime factors of l?
2, 3
Suppose -52 = 6*z + 8. Let b(w) = w**2 + 9*w - 7. What are the prime factors of b(z)?
3
Let b(f) = f + 2. Let w be b(-8). Let g(k) be the third derivative of -k**5/60 - k**4/4 + 5*k**3/6 + 4*k**2. List the prime factors of g(w).
5
Suppose -4 = 2*m - 6*m - 4*t, 5*m = 2*t + 26. Let i be 31 - (-4)/(16/12). Suppose -m*k + i = -2*k. List the prime factors of k.
17
Let i(v) = -4*v - 3. Let y be i(-2). Suppose -22 = -y*o + 8. What are the prime factors of o?
2, 3
Let x(w) = -4*w**3 - 3*w**2 + 2*w + 2. List the prime factors of x(-4).
2, 101
Suppose -29 = -2*u + 121. List the prime factors of u.
3, 5
Let i = -5 + 19. Let m = 21 - i. List the prime factors of m.
7
Let t be -1 - (0 + -9)/3. Suppose 2*x - 4*x = -t. List the prime factors of x/2*2 - -13.
2, 7
Suppose 0 = -5*b + 13 + 2. Suppose -2*c = 2*i - 14, 3*i - b*c + 2 = -7. List the prime factors of 14 + -3 + -3 + i.
2, 5
Suppose -3*f + 5*c = -152, 3*f - 2*c = -0*c + 167. Suppose 0 = 3*j - f + 11. List the prime factors of j.
2
Suppose 299 = 7*a - 65. List the prime factors of a.
2, 13
Suppose -2*s - 31 = 3*w, -s - 4*w = -2*w + 16. List the prime factors of (36/s)/((-9)/42).
2, 3
Suppose 85 = -2*w - 3*w. Let j be (w/3)/((-2)/6). Let f = j - 9. What are the prime factors of f?
2
Let n(y) = 